{"id":2,"date":"2025-04-30T11:19:02","date_gmt":"2025-04-30T09:19:02","guid":{"rendered":"https:\/\/www.kaijucade.se\/?page_id=2"},"modified":"2025-04-30T11:52:04","modified_gmt":"2025-04-30T09:52:04","slug":"exempelsida","status":"publish","type":"page","link":"https:\/\/www.kaijucade.se\/?page_id=2","title":{"rendered":"Om Kaijucade"},"content":{"rendered":"\n<p>Kaijucade \u00e4r ett f\u00f6retag som b\u00e5de sysslar med arkad &amp; flipperspel samt n\u00f6rdiga marknader i Malm\u00f6. <\/p>\n\n\n\n<p>Mer specifikt Pixel Arcade och Nerdmarket!<\/p>\n\n\n\n<blockquote class=\"wp-block-quote is-layout-flow wp-block-quote-is-layout-flow\">\n<p>F\u00f6retaget drivs med k\u00e4rlek och f-skatt. Enmansf\u00f6retag med passion f\u00f6r spel och n\u00f6rdigheter och vill g\u00e4rna erbjuda mer av det till allm\u00e4nheten. <\/p>\n<\/blockquote>\n\n\n\n<p><\/p>\n","protected":false},"excerpt":{"rendered":"<p>Kaijucade \u00e4r ett f\u00f6retag som b\u00e5de sysslar med arkad &amp; flipperspel samt n\u00f6rdiga marknader i Malm\u00f6. Mer specifikt Pixel Arcade och Nerdmarket! F\u00f6retaget drivs med k\u00e4rlek och f-skatt. Enmansf\u00f6retag med passion f\u00f6r spel och n\u00f6rdigheter och vill g\u00e4rna erbjuda mer av det till allm\u00e4nheten.<\/p>\n","protected":false},"author":1,"featured_media":0,"parent":0,"menu_order":0,"comment_status":"closed","ping_status":"open","template":"","meta":{"footnotes":""},"class_list":["post-2","page","type-page","status-publish","hentry"],"_links":{"self":[{"href":"https:\/\/www.kaijucade.se\/index.php?rest_route=\/wp\/v2\/pages\/2","targetHints":{"allow":["GET"]}}],"collection":[{"href":"https:\/\/www.kaijucade.se\/index.php?rest_route=\/wp\/v2\/pages"}],"about":[{"href":"https:\/\/www.kaijucade.se\/index.php?rest_route=\/wp\/v2\/types\/page"}],"author":[{"embeddable":true,"href":"https:\/\/www.kaijucade.se\/index.php?rest_route=\/wp\/v2\/users\/1"}],"replies":[{"embeddable":true,"href":"https:\/\/www.kaijucade.se\/index.php?rest_route=%2Fwp%2Fv2%2Fcomments&post=2"}],"version-history":[{"count":2,"href":"https:\/\/www.kaijucade.se\/index.php?rest_route=\/wp\/v2\/pages\/2\/revisions"}],"predecessor-version":[{"id":15,"href":"https:\/\/www.kaijucade.se\/index.php?rest_route=\/wp\/v2\/pages\/2\/revisions\/15"}],"wp:attachment":[{"href":"https:\/\/www.kaijucade.se\/index.php?rest_route=%2Fwp%2Fv2%2Fmedia&parent=2"}],"curies":[{"name":"wp","href":"https:\/\/api.w.org\/{rel}","templated":true}]}}